ivided by 56?
10
What is the remainder when 1257144 is divided by 314240?
184
Calculate the remainder when 4518531 is divided by 645504.
3
Calculate the remainder when 42829401 is divided by 1334.
1331
Calculate the remainder when 23169 is divided by 10886.
1397
Calculate the remainder when 4272898 is divided by 10.
8
Calculate the remainder when 85404704 is divided by 34661.
0
Calculate the remainder when 3550817 is divided by 169086.
11
Calculate the remainder when 734994 is divided by 2096.
1394
What is the remainder when 499347 is divided by 2549?
2292
What is the remainder when 13603588 is divided by 2421?
2410
Calculate the remainder when 189641 is divided by 1806.
11
What is the remainder when 11915697 is divided by 721?
451
What is the remainder when 627867681 is divided by 109?
104
What is the remainder when 483218 is divided by 1262?
1134
Calculate the remainder when 6186481 is divided by 1546618.
9
Calculate the remainder when 718517 is divided by 9608.
7525
Calculate the remainder when 205534 is divided by 205515.
19
What is the remainder when 1072178 is divided by 11053?
37
What is the remainder when 3881176 is divided by 347?
328
What is the remainder when 7932144 is divided by 10066?
136
Calculate the remainder when 671667534 is divided by 1309.
1308
Calculate the remainder when 121151657 is divided by 11013786.
11
Calculate the remainder when 33199856 is divided by 470.
466
What is the remainder when 2846513 is divided by 782?
33
What is the remainder when 1125031 is divided by 1125010?
21
What is the remainder when 384145 is divided by 383?
379
Calculate the remainder when 164678 is divided by 7000.
3678
What is the remainder when 53613781 is divided by 1132?
1129
What is the remainder when 369153 is divided by 133?
78
Calculate the remainder when 209392 is divided by 73.
28
Calculate the remainder when 221435 is divided by 1871.
657
Calculate the remainder when 1660207 is divided by 11075.
10032
Calculate the remainder when 889527 is divided by 15874.
583
What is the remainder when 11653054 is divided by 971073?
178
Calculate the remainder when 206930 is divided by 1662.
842
Calculate the remainder when 1609801 is divided by 146343.
28
What is the remainder when 670033757 is divided by 6241?
6238
What is the remainder when 886844 is divided by 147784?
140
Calculate the remainder when 114358964 is divided by 1574.
1568
Calculate the remainder when 587294 is divided by 10677.
59
Calculate the remainder when 6044 is divided by 112.
108
Calculate the remainder when 185470138 is divided by 60.
58
What is the remainder when 239961 is divided by 54?
39
What is the remainder when 606635 is divided by 79?
73
What is the remainder when 165792685 is divided by 20?
5
What is the remainder when 4845 is divided by 1624?
1597
Calculate the remainder when 126497 is divided by 2012.
1753
Calculate the remainder when 21958298 is divided by 889.
887
Calculate the remainder when 1725789 is divided by 107.
93
What is the remainder when 102071 is divided by 40?
31
Calculate the remainder when 1435780 is divided by 159519.
109
What is the remainder when 824522 is divided by 63424?
10
Calculate the remainder when 2525709 is divided by 12.
9
Calculate the remainder when 277785 is divided by 182.
53
Calculate the remainder when 56151 is divided by 578.
85
What is the remainder when 104423 is divided by 656?
119
Calculate the remainder when 89839 is divided by 29881.
196
Calculate the remainder when 20211798 is divided by 16105.
23
What is the remainder when 193753 is divided by 96662?
429
Calculate the remainder when 232613606 is divided by 643.
640
Calculate the remainder when 8113766 is divided by 8113763.
3
What is the remainder when 147033 is divided by 58?
3
What is the remainder when 2889732 is divided by 963229?
45
What is the remainder when 2601359 is divided by 3654?
3365
Calculate the remainder when 72060918 is divided by 5.
3
What is the remainder when 58033 is divided by 2437?
1982
Calculate the remainder when 35638252 is divided by 20044.
20
What is the remainder when 1033343294 is divided by 32?
30
What is the remainder when 894462 is divided by 178892?
2
Calculate the remainder when 209167 is divided by 8930.
3777
What is the remainder when 250262 is divided by 249886?
376
What is the remainder when 3579 is divided by 190?
159
What is the remainder when 194593 is divided by 460?
13
What is the remainder when 37238 is divided by 929?
78
What is the remainder when 662931 is divided by 25497?
9
What is the remainder when 47594 is divided by 44797?
2797
Calculate the remainder when 495781 is divided by 63.
34
Calculate the remainder when 13378053 is divided by 317.
19
Calculate the remainder when 89445050 is divided by 3903.
3902
What is the remainder when 46165493 is divided by 2429762?
15
Calculate the remainder when 1005197 is divided by 1438.
35
Calculate the remainder when 173138669 is divided by 15116.
5
What is the remainder when 1112787 is divided by 217?
11
Calculate the remainder when 86751064 is divided by 43375531.
2
Calculate the remainder when 6003367 is divided by 2903.
2866
Calculate the remainder when 385590 is divided by 563.
498
Calculate the remainder when 66583822 is divided by 126.
4
What is the remainder when 14405030 is divided by 285?
275
What is the remainder when 23492062 is divided by 3386?
3380
Calculate the remainder when 225522060 is divided by 10.
0
What is the remainder when 137859 is divided by 131?
47
Calculate the remainder when 88775 is divided by 88748.
27
What is the remainder when 8057985 is divided by 149221?
51
What is the remainder when 57290700 is divided by 218?
82
What is the remainder when 93141 is divided by 22220?
4261
Calculate the remainder when 12436854 is divided by 31.
26
What is the remainder when 554066 is divided by 75?
41
Calculate the remainder when 7058927 is divided by 244.
7
Calculate the remainder when 880861 is divided by 4921.
2
Calculate the remainder when 4719246 is divided by 213.
18
Calculate the remainder when 97438 is divided by 118.
88
Calculate the remainder when 648390023 is divided by 664.
663
Calculate the remainder when 42119 is divided by 119.
112
What is the remainder when 3894193 is divided by 3906?
3817
Calculate the remainder when 839190 is divided by 209794.
14
What is the remainder when 466371 is divided by 1077?
30
What is the remainder when 194332728 is divided by 420?
408
What is the remainder when 48934 is divided by 1061?
128
What is the remainder when 19225559 is divided by 23?
20
What is the remainder when 395937 is divided by 112?
17
Calculate the remainder when 1418909 is divided by 110.
19
Calculate the remainder when 787130 is divided by 108.
26
What is the remainder when 2736611 is divided by 640?
611
Calculate the remainder when 1401415533 is divided by 68.
65
Calculate the remainder when 17762 is divided by 9.
5
Calculate the remainder when 26299 is divided by 4227.
937
Calculate the remainder when 4177906 is divided by 18.
16
Calculate the remainder when 96081 is divided by 1110.
621
Calculate the remainder when 7062 is divided by 1528.
950
Calculate the remainder when 1041129 is divided by 346884.
477
Calculate the remainder when 28305843 is divided by 37.
29
What is the remainder when 107616676 is divided by 108?
76
What is the remainder when 2420441 is divided by 11?
1
What is the remainder when 505875 is divided by 207?
174
Calculate the remainder when 9574630 is divided by 4386.
4378
Calculate the remainder when 511372 is divided by 72170.
6182
What is the remainder when 16557390 is divided by 277?
269
What is the remainder when 75808 is divided by 75203?
605
What is the remainder when 1309349 is divided by 1075?
1074
What is the remainder when 2685446 is divided by 15?
11
Calculate the remainder when 11843557 is divided by 2368693.
92
What is the remainder when 99966 is divided by 11?
9
What is the remainder when 287966 is divided by 89?
51
What is the remainder when 553714 is divided by 4036?
782
What is the remainder when 3133822 is divided by 9328?
8942
Calculate the remainder when 2700784 is divided by 128607.
37
What is the remainder when 3301213 is divided by 63484?
45
What is the remainder when 963441863 is divided by 324?
32